{"id":153,"date":"2013-09-17T16:41:06","date_gmt":"2013-09-17T16:41:06","guid":{"rendered":"http:\/\/www.onderdak.cl\/w\/?page_id=153"},"modified":"2014-06-06T21:48:22","modified_gmt":"2014-06-06T21:48:22","slug":"perfil","status":"publish","type":"page","link":"https:\/\/onderdak.dvk.cl\/?page_id=153","title":{"rendered":"Perfil"},"content":{"rendered":"<p><strong>Sitio web:<\/strong> http:\/\/www.SNOW-SHELTER.com<br \/>\n<strong>Perfil de la empresa:<\/strong> Empresa especialista en dise\u00f1o y construcci\u00f3n de refugios t\u00e9rmicos.<br \/>\n<strong>Misi\u00f3n:<\/strong> Proveer un m\u00f3dulo habitable, funcional y acogedor, apto para todo clima y terreno, transportable, ensamblable y desensamblable a un m\u00ednimo costo.<br \/>\n<strong>Productos:<\/strong> Onderdak 0.11, <a title=\"Onderdak 0.22\" href=\"http:\/\/www.onderdak.cl\/w\/?page_id=64\">Onderdak 0.22<\/a><\/p>\n","protected":false},"excerpt":{"rendered":"<p>Sitio web: http:\/\/www.SNOW-SHELTER.com Perfil de la empresa: Empresa especialista en dise\u00f1o y construcci\u00f3n de refugios t\u00e9rmicos. Misi\u00f3n: Proveer un m\u00f3dulo habitable, funcional y acogedor, apto para todo clima y terreno, transportable, ensamblable y desensamblable a un m\u00ednimo costo. Productos: Onderdak 0.11, Onderdak 0.22<\/p>\n","protected":false},"author":1,"featured_media":0,"parent":140,"menu_order":0,"comment_status":"closed","ping_status":"closed","template":"g1_template_page_nav_left.php","meta":{"footnotes":""},"class_list":["post-153","page","type-page","status-publish"],"_links":{"self":[{"href":"https:\/\/onderdak.dvk.cl\/index.php?rest_route=\/wp\/v2\/pages\/153","targetHints":{"allow":["GET"]}}],"collection":[{"href":"https:\/\/onderdak.dvk.cl\/index.php?rest_route=\/wp\/v2\/pages"}],"about":[{"href":"https:\/\/onderdak.dvk.cl\/index.php?rest_route=\/wp\/v2\/types\/page"}],"author":[{"embeddable":true,"href":"https:\/\/onderdak.dvk.cl\/index.php?rest_route=\/wp\/v2\/users\/1"}],"replies":[{"embeddable":true,"href":"https:\/\/onderdak.dvk.cl\/index.php?rest_route=%2Fwp%2Fv2%2Fcomments&post=153"}],"version-history":[{"count":5,"href":"https:\/\/onderdak.dvk.cl\/index.php?rest_route=\/wp\/v2\/pages\/153\/revisions"}],"predecessor-version":[{"id":752,"href":"https:\/\/onderdak.dvk.cl\/index.php?rest_route=\/wp\/v2\/pages\/153\/revisions\/752"}],"up":[{"embeddable":true,"href":"https:\/\/onderdak.dvk.cl\/index.php?rest_route=\/wp\/v2\/pages\/140"}],"wp:attachment":[{"href":"https:\/\/onderdak.dvk.cl\/index.php?rest_route=%2Fwp%2Fv2%2Fmedia&parent=153"}],"curies":[{"name":"wp","href":"https:\/\/api.w.org\/{rel}","templated":true}]}}