{"id":155,"date":"2013-09-17T16:42:08","date_gmt":"2013-09-17T16:42:08","guid":{"rendered":"http:\/\/www.onderdak.cl\/w\/?page_id=155"},"modified":"2014-06-06T21:47:21","modified_gmt":"2014-06-06T21:47:21","slug":"mision","status":"publish","type":"page","link":"https:\/\/onderdak.dvk.cl\/?page_id=155","title":{"rendered":"Misi\u00f3n"},"content":{"rendered":"<p><strong>Misi\u00f3n: <\/strong>Proveer un m\u00f3dulo habitable funcional y acogedor, apto para todo clima y terreno, transportable, ensamblable y desensamblable a un m\u00ednimo costo.<\/p>\n","protected":false},"excerpt":{"rendered":"<p>Misi\u00f3n: Proveer un m\u00f3dulo habitable funcional y acogedor, apto para todo clima y terreno, transportable, ensamblable y desensamblable a un m\u00ednimo costo.<\/p>\n","protected":false},"author":1,"featured_media":0,"parent":140,"menu_order":0,"comment_status":"closed","ping_status":"closed","template":"g1_template_page_nav_left.php","meta":{"footnotes":""},"class_list":["post-155","page","type-page","status-publish"],"_links":{"self":[{"href":"https:\/\/onderdak.dvk.cl\/index.php?rest_route=\/wp\/v2\/pages\/155","targetHints":{"allow":["GET"]}}],"collection":[{"href":"https:\/\/onderdak.dvk.cl\/index.php?rest_route=\/wp\/v2\/pages"}],"about":[{"href":"https:\/\/onderdak.dvk.cl\/index.php?rest_route=\/wp\/v2\/types\/page"}],"author":[{"embeddable":true,"href":"https:\/\/onderdak.dvk.cl\/index.php?rest_route=\/wp\/v2\/users\/1"}],"replies":[{"embeddable":true,"href":"https:\/\/onderdak.dvk.cl\/index.php?rest_route=%2Fwp%2Fv2%2Fcomments&post=155"}],"version-history":[{"count":4,"href":"https:\/\/onderdak.dvk.cl\/index.php?rest_route=\/wp\/v2\/pages\/155\/revisions"}],"predecessor-version":[{"id":750,"href":"https:\/\/onderdak.dvk.cl\/index.php?rest_route=\/wp\/v2\/pages\/155\/revisions\/750"}],"up":[{"embeddable":true,"href":"https:\/\/onderdak.dvk.cl\/index.php?rest_route=\/wp\/v2\/pages\/140"}],"wp:attachment":[{"href":"https:\/\/onderdak.dvk.cl\/index.php?rest_route=%2Fwp%2Fv2%2Fmedia&parent=155"}],"curies":[{"name":"wp","href":"https:\/\/api.w.org\/{rel}","templated":true}]}}